tor of v and 93.
93
Suppose 536 = 2*g - 10*g. Let p = g - -72. Suppose p*s = 4*j + 9 + 15, 2*j = s. What is the greatest common divisor of 12 and s?
4
Suppose 2849 = 2*z + 5*t, 8*t = -5*z + 11*t + 7200. Let o = 2493 - z. Calculate the greatest common divisor of o and 11.
11
Let i be 63/231 - 4080/(-44). Let d(n) = -2*n - 5. Let c be d(-4). Let x be (2 + -1)/(c/93). Calculate the highest common factor of x and i.
31
Let z be (3/18*7)/((161/84)/23). Let v be 54/5*210/9. Calculate the greatest common factor of z and v.
14
Let k = 243 - 241. Suppose 0 = k*h - 0*h - 44. Calculate the highest common factor of h and 22.
22
Suppose 10271 - 18992 = -17*g. Calculate the greatest common divisor of g and 432.
27
Let b = -2869 + 2977. Calculate the greatest common factor of b and 162.
54
Let a be (4 - 1)/(-7*(-12)/7420). What is the greatest common divisor of a and 40?
5
Let a be 12/5*3*(-59860)/(-123). Calculate the greatest common factor of 240 and a.
48
Suppose -84*s + 83*s + 25 = 5*q, 4*q = -4*s + 100. What is the greatest common factor of s and 26225?
25
Let s(r) = 70 + 2*r - 8*r - 6*r + 0*r. Let l be s(-5). What is the greatest common factor of l and 20?
10
Let v(r) = r**3 - 10*r**2 + 30*r - 5. Let u be v(5). What is the highest common divisor of 230 and u?
10
Let y(v) = -2*v**2 - 10*v - 3. Let l be y(-3). Suppose 0 = l*a - 65 - 79. What is the greatest common factor of 256 and a?
16
Suppose -5*a = -3769 + 1229. Suppose -2*z + a = -3*i + 8*i, i + z - 104 = 0. What is the highest common factor of 4 and i?
4
Suppose 0 = -7*i + 27*i - 2280. Let b(c) = c**3 - 2*c**2 - 33*c + 16. Let v be b(7). Calculate the highest common factor of v and i.
6
Let z(y) = 66*y + 168. Let d be z(14). Calculate the greatest common factor of d and 1176.
84
Suppose -8*p + 6*p + 1629 = 5*y, -3*p - y = -2437. Let f = p - 567. Calculate the greatest common factor of f and 35.
35
Let u = -1539 - -1601. Calculate the greatest common divisor of 40858 and u.
62
Suppose -30*b = 7*b - 259. Let m be 0 - 110/(-70) - (-3)/b. Suppose f = -4*f - h + 35, 5*h - 43 = -3*f. Calculate the highest common factor of m and f.
2
Suppose -r = 4*b - 156 - 349, -4*r = 12. What is the highest common factor of b and 8890?
127
Let s be (980/392)/((-1)/(-10*1)). Suppose 42*n = s*n + 204. Calculate the highest common divisor of n and 192.
12
Let s(u) = -26*u - 977. Let y be s(-38). Calculate the greatest common divisor of 4939 and y.
11
Let t(v) = v**2 + 21*v - 49. Let j be t(4). Let w(p) = 5*p**2 - 4*p. Let y be w(-6). What is the greatest common divisor of y and j?
51
Suppose 0 = -36*c + 131 + 1237. What is the highest common divisor of 1900 and c?
38
Let k = 61502 - 61486. Suppose -5*v = h - 4 + 5, -h - 2*v = -2. Calculate the highest common divisor of h and k.
4
Let x(q) = -13*q - 88. Let b be x(-15). Let t = b + -69. What is the greatest common factor of 76 and t?
38
Let q(d) = -d**3 + 9*d**2 - 11*d - 16. Let n be q(7). Suppose m + 8 = f + 28, -n*m + 3*f + 92 = 0. Calculate the highest common factor of 8 and m.
8
Suppose 5*o - 3*t = 4986, 3*o - 1787 - 1211 = 5*t. What is the greatest common factor of 60 and o?
12
Let j = 8152 + -5416. What is the highest common divisor of 18 and j?
18
Suppose -4*q = -2 - 14. Suppose -14 = -14*y + 154. Calculate the highest common divisor of y and q.
4
Suppose t - 350 = -3*t - 2*s, 95 = t - s. Let b be (95/(-25) + 2)*t/(-2). What is the greatest common factor of 54 and b?
27
Let v(o) = -2*o - 4. Let k(x) = 5*x + 24. Let q be k(-6). Let y be 301/(-21) + (-2)/q. Let b be v(y). What is the highest common divisor of 6 and b?
6
Suppose 2*s - 87 + 27 = 0. Let p = 28 - s. Let g be p/(-4)*(-14 + 32). What is the highest common divisor of 18 and g?
9
Let f(y) = 6*y**2 + 21*y - 103. Let v be f(16). Calculate the highest common factor of 671 and v.
61
Let d(n) = 2*n**2 - 17*n - 53. Let z be d(18). Calculate the highest common factor of z and 2.
1
Let r be 148*24/128 - (-6)/(-8). Let g be 44/10 - (-6)/(-15) - -2. Calculate the greatest common divisor of g and r.
3
Suppose -13*h + 79*h = 2640. Calculate the greatest common divisor of 6170 and h.
10
Suppose -16*p - 10*p = -195702. What is the greatest common factor of 13 and p?
13
Let r(v) = 12*v - 115. Let u be r(10). Let g be 540/(-72)*((-12)/u)/3. Suppose 53 = 3*t - 253. Calculate the highest common divisor of t and g.
6
Let t = 49473 - 6183. Calculate the highest common factor of 26 and t.
26
Let a(w) = -w**3 + 49*w**2 - 274*w - 11. Let j be a(40). Calculate the greatest common factor of 127 and j.
127
Suppose -13*n + 85 = 4*n. Let m be (47/6 - n)*6. Let z(c) = 11*c**2 + 3*c - 1. Let k be z(4). What is the greatest common divisor of k and m?
17
Suppose 8*i + 11*p - 63 = 10*i, 18 = 3*i - 4*p. Let j = 7 + -4. Suppose -2*s + j*s = 4. What is the highest common divisor of s and i?
2
Let b = 9771 + -4941. Calculate the highest common divisor of b and 69.
69
Suppose 61*t = 66*t + 25, -4*h + 5*t + 1025 = 0. Suppose -5*d = -3*u - 433, 0*u - u - 171 = 5*d. Let q = h + u. What is the greatest common factor of 9 and q?
9
Let l be (-1)/3 - 70/6. Let p = -9 - l. Let w be (-183)/(-9) + (-35)/15 + p. Calculate the greatest common divisor of 168 and w.
21
Suppose 0 = -2*r + a + 53, 3*r - 4*a - 39 - 53 = 0. Let n = -704 - -760. What is the highest common factor of n and r?
8
Suppose -4*r - 23 = -s, 9*s = 7*s + 3*r + 21. Suppose 4 = 4*d + 2*v - 2, 2*d + s*v = -3. Calculate the greatest common divisor of 33 and d.
3
Let c be (-2)/(-10) - (-8120)/25. Let z = 2990 + -2925. Calculate the greatest common factor of c and z.
65
Let s be (-24)/5*(-310)/(-3). Let b = s - -606. Suppose 58 = m + 14. What is the greatest common divisor of b and m?
22
Suppose -22*s = 19 - 85. Suppose 4*y - 2*i - 10 = 0, -s*y + i - 11 = -5*y. What is the highest common divisor of 1 and y?
1
Let i be (-1)/((-2)/15*1 + 39708/301860). What is the greatest common divisor of i and 215?
43
Let x = -17 - -19. Suppose -5*g + 62 - x = 0. Let i(u) = 20*u - 52. Let m be i(5). Calculate the highest common factor of m and g.
12
Let u = 359 - 338. Let w be (4 - 90/u) + 394/7. Calculate the greatest common divisor of 42 and w.
14
Let m be (-600)/9*42/(-56). Let j = 16 + m. Let w be (-2)/(1 + (-24)/22). Calculate the highest common factor of w and j.
22
Suppose -3*o + 5*r + 3677 = 0, -5*o + 4*o + 1225 = -r. Suppose 46*f = 28*f + o. What is the highest common divisor of f and 204?
68
Let j = 3930 + -2346. What is the highest common factor of j and 308?
44
Let i = -439 - -444. Suppose 5*y - 6939 + 2432 = -4*j, 4*y - i*j - 3622 = 0. What is the greatest common factor of 43 and y?
43
Let f = -130 + 125. Let g(r) = -r**2 - 13*r - 3. Let y be g(f). What is the highest common divisor of 74 and y?
37
Suppose -24 = -n + 5*o - 5, -3*n + 2*o + 31 = 0. Suppose n*a = 2*r + 5*a - 188, 5*r - 437 = -a. What is the highest common factor of r and 484?
44
Let b be 2634 - -1 - (2 + -1)/(3/(-15)). Calculate the greatest common divisor of b and 140.
20
Let f(i) = 83*i + 2749. Let n be f(-32). What is the highest common divisor of n and 4123?
31
Suppose 155*z - 78*z - 77 = 0. What is the greatest common factor of z and 64?
1
Suppose -2*v + 3*v - 2444 = -2*h, 3*v - h = 7304. What is the highest common factor of v and 174?
174
Suppose 1068*b = 1089*b - 105. Calculate the greatest common divisor of b and 5020.
5
Let n be (4 + -1)/(238/11662). What is the highest common divisor of n and 3?
3
Let o(d) = 359*d**2 - 22*d + 122. Let t be o(5). What is the greatest common factor of 38 and t?
19
Let u = 29 + -24. Suppose -2*k + s + 92 = 0, 4*k = u*s + 4 + 168. Let n = k - 34. Calculate the greatest common factor of n and 14.
14
Let i(l) be the first derivative of -l**4/4 + 4*l**3 - 7*l**2/2 - 15*l + 19. Let b be i(11). Let j = b + 13. What is the greatest common divisor of j and 14?
14
Let p be (-2)/23 + (-6924)/(-276) + -4. What is the highest common divisor of p and 5040?
21
Let h(k) = 26*k**3 - 2*k**2 - 28*k + 29. Let t be h(1). What is the highest common factor of 2675 and t?
25
Suppose 172 = 2*f + 5*q - 1615, -7*q = -3*f + 2492. Let p(u) = u**3 + 7*u**2 + 5*u - 4. Let l be p(-5). What is the greatest common divisor of f and l?
21
Let q(z) = z**3 - 14*z**2 - 15*z + 27. Let v be 2 - (272/(-24) - (-5)/(-3)). Let g be q(